{"id":127,"date":"2025-02-07T04:33:43","date_gmt":"2025-02-07T04:33:43","guid":{"rendered":"https:\/\/adecor.eu\/production\/?post_type=product&#038;p=127"},"modified":"2025-11-09T05:36:37","modified_gmt":"2025-11-09T05:36:37","slug":"tria-velvet-balsam-de-rufe-fresh-3l","status":"publish","type":"product","link":"https:\/\/adecor.eu\/production\/produs\/tria-velvet-balsam-de-rufe-fresh-3l\/","title":{"rendered":"TRIA VELVET balsam de rufe fresh 3L"},"content":{"rendered":"<p><img fetchpriority=\"high\" decoding=\"async\" class=\"alignnone size-large wp-image-128\" src=\"https:\/\/adecor.eu\/production\/wp-content\/uploads\/sites\/2\/2025\/02\/DSC05587-Edit-1024x1024.png\" alt=\"\" width=\"1024\" height=\"1024\" srcset=\"https:\/\/adecor.eu\/production\/wp-content\/uploads\/sites\/2\/2025\/02\/DSC05587-Edit-1024x1024.png 1024w, https:\/\/adecor.eu\/production\/wp-content\/uploads\/sites\/2\/2025\/02\/DSC05587-Edit-300x300.png 300w, https:\/\/adecor.eu\/production\/wp-content\/uploads\/sites\/2\/2025\/02\/DSC05587-Edit-150x150.png 150w, https:\/\/adecor.eu\/production\/wp-content\/uploads\/sites\/2\/2025\/02\/DSC05587-Edit-768x768.png 768w, https:\/\/adecor.eu\/production\/wp-content\/uploads\/sites\/2\/2025\/02\/DSC05587-Edit-1536x1536.png 1536w, https:\/\/adecor.eu\/production\/wp-content\/uploads\/sites\/2\/2025\/02\/DSC05587-Edit-2048x2048.png 2048w, https:\/\/adecor.eu\/production\/wp-content\/uploads\/sites\/2\/2025\/02\/DSC05587-Edit-600x600.png 600w, https:\/\/adecor.eu\/production\/wp-content\/uploads\/sites\/2\/2025\/02\/DSC05587-Edit-100x100.png 100w\" sizes=\"(max-width: 1024px) 100vw, 1024px\" \/><\/p>\n","protected":false},"excerpt":{"rendered":"<p><strong>Miros irezistibil<\/strong> \u2013 parfum sofisticat care persist\u0103 zile \u00eentregi<br \/>\n<strong>Haine moi ca m\u0103tasea<\/strong> \u2013 pentru un confort absolut<br \/>\n<strong>Protec\u021bie pentru \u021bes\u0103turi<\/strong> \u2013 prelunge\u0219te via\u021ba hainelor tale<br \/>\n<strong>U\u0219or de c\u0103lcat<\/strong> \u2013 reduce \u0219ifonarea \u0219i face c\u0103lcatul o pl\u0103cere<\/p>\n<p>Tria Velvet \u2013 <strong>prospe\u021bime greu de egalat, delicate\u021be des\u0103v\u00e2r\u0219it\u0103.<\/strong><\/p>\n","protected":false},"featured_media":128,"template":"","meta":[],"product_brand":[],"product_cat":[22],"product_tag":[34,56],"class_list":{"0":"post-127","1":"product","2":"type-product","3":"status-publish","4":"has-post-thumbnail","6":"product_cat-detergenti-profesionali","7":"product_tag-balsam-de-rufe","8":"product_tag-balsam-de-rufe-superparfumat","10":"first","11":"instock","12":"shipping-taxable","13":"product-type-simple"},"yoast_head":"<!-- This site is optimized with the Yoast SEO plugin v24.5 - https:\/\/yoast.com\/wordpress\/plugins\/seo\/ -->\n<title>TRIA VELVET balsam de rufe fresh 3L - Adecor Production<\/title>\n<meta name=\"robots\" content=\"index, follow, max-snippet:-1, max-image-preview:large, max-video-preview:-1\" \/>\n<link rel=\"canonical\" href=\"https:\/\/adecor.eu\/production\/produs\/tria-velvet-balsam-de-rufe-fresh-3l\/\" \/>\n<meta property=\"og:locale\" content=\"ro_RO\" \/>\n<meta property=\"og:type\" content=\"article\" \/>\n<meta property=\"og:title\" content=\"TRIA VELVET balsam de rufe fresh 3L - Adecor Production\" \/>\n<meta property=\"og:description\" content=\"Miros irezistibil \u2013 parfum sofisticat care persist\u0103 zile \u00eentregi Haine moi ca m\u0103tasea \u2013 pentru un confort absolut Protec\u021bie pentru \u021bes\u0103turi \u2013 prelunge\u0219te via\u021ba hainelor tale U\u0219or de c\u0103lcat \u2013 reduce \u0219ifonarea \u0219i face c\u0103lcatul o pl\u0103cere  Tria Velvet \u2013 prospe\u021bime greu de egalat, delicate\u021be des\u0103v\u00e2r\u0219it\u0103.\" \/>\n<meta property=\"og:url\" content=\"https:\/\/adecor.eu\/production\/produs\/tria-velvet-balsam-de-rufe-fresh-3l\/\" \/>\n<meta property=\"og:site_name\" content=\"Adecor Production\" \/>\n<meta property=\"article:modified_time\" content=\"2025-11-09T05:36:37+00:00\" \/>\n<meta property=\"og:image\" content=\"https:\/\/adecor.eu\/production\/wp-content\/uploads\/sites\/2\/2025\/02\/DSC05587-Edit-1024x1024.png\" \/>\n\t<meta property=\"og:image:width\" content=\"1024\" \/>\n\t<meta property=\"og:image:height\" content=\"1024\" \/>\n\t<meta property=\"og:image:type\" content=\"image\/png\" \/>\n<meta name=\"twitter:card\" content=\"summary_large_image\" \/>\n<meta name=\"twitter:label1\" content=\"Timp estimat pentru citire\" \/>\n\t<meta name=\"twitter:data1\" content=\"1 minut\" \/>\n<script type=\"application\/ld+json\" class=\"yoast-schema-graph\">{\"@context\":\"https:\/\/schema.org\",\"@graph\":[{\"@type\":\"WebPage\",\"@id\":\"https:\/\/adecor.eu\/production\/produs\/tria-velvet-balsam-de-rufe-fresh-3l\/\",\"url\":\"https:\/\/adecor.eu\/production\/produs\/tria-velvet-balsam-de-rufe-fresh-3l\/\",\"name\":\"TRIA VELVET balsam de rufe fresh 3L - Adecor Production\",\"isPartOf\":{\"@id\":\"https:\/\/adecor.eu\/production\/#website\"},\"primaryImageOfPage\":{\"@id\":\"https:\/\/adecor.eu\/production\/produs\/tria-velvet-balsam-de-rufe-fresh-3l\/#primaryimage\"},\"image\":{\"@id\":\"https:\/\/adecor.eu\/production\/produs\/tria-velvet-balsam-de-rufe-fresh-3l\/#primaryimage\"},\"thumbnailUrl\":\"https:\/\/adecor.eu\/production\/wp-content\/uploads\/sites\/2\/2025\/02\/DSC05587-Edit.png\",\"datePublished\":\"2025-02-07T04:33:43+00:00\",\"dateModified\":\"2025-11-09T05:36:37+00:00\",\"breadcrumb\":{\"@id\":\"https:\/\/adecor.eu\/production\/produs\/tria-velvet-balsam-de-rufe-fresh-3l\/#breadcrumb\"},\"inLanguage\":\"ro-RO\",\"potentialAction\":[{\"@type\":\"ReadAction\",\"target\":[\"https:\/\/adecor.eu\/production\/produs\/tria-velvet-balsam-de-rufe-fresh-3l\/\"]}]},{\"@type\":\"ImageObject\",\"inLanguage\":\"ro-RO\",\"@id\":\"https:\/\/adecor.eu\/production\/produs\/tria-velvet-balsam-de-rufe-fresh-3l\/#primaryimage\",\"url\":\"https:\/\/adecor.eu\/production\/wp-content\/uploads\/sites\/2\/2025\/02\/DSC05587-Edit.png\",\"contentUrl\":\"https:\/\/adecor.eu\/production\/wp-content\/uploads\/sites\/2\/2025\/02\/DSC05587-Edit.png\",\"width\":4000,\"height\":4000},{\"@type\":\"BreadcrumbList\",\"@id\":\"https:\/\/adecor.eu\/production\/produs\/tria-velvet-balsam-de-rufe-fresh-3l\/#breadcrumb\",\"itemListElement\":[{\"@type\":\"ListItem\",\"position\":1,\"name\":\"Prima pagin\u0103\",\"item\":\"https:\/\/adecor.eu\/production\/\"},{\"@type\":\"ListItem\",\"position\":2,\"name\":\"Magazin\",\"item\":\"https:\/\/adecor.eu\/production\/magazin\/\"},{\"@type\":\"ListItem\",\"position\":3,\"name\":\"TRIA VELVET balsam de rufe fresh 3L\"}]},{\"@type\":\"WebSite\",\"@id\":\"https:\/\/adecor.eu\/production\/#website\",\"url\":\"https:\/\/adecor.eu\/production\/\",\"name\":\"Adecor Production\",\"description\":\"PRODUCATOR ROMAN DE MOPURI, MATURI, DETERGENTI\",\"publisher\":{\"@id\":\"https:\/\/adecor.eu\/production\/#organization\"},\"potentialAction\":[{\"@type\":\"SearchAction\",\"target\":{\"@type\":\"EntryPoint\",\"urlTemplate\":\"https:\/\/adecor.eu\/production\/?s={search_term_string}\"},\"query-input\":{\"@type\":\"PropertyValueSpecification\",\"valueRequired\":true,\"valueName\":\"search_term_string\"}}],\"inLanguage\":\"ro-RO\"},{\"@type\":\"Organization\",\"@id\":\"https:\/\/adecor.eu\/production\/#organization\",\"name\":\"Adecor Production\",\"url\":\"https:\/\/adecor.eu\/production\/\",\"logo\":{\"@type\":\"ImageObject\",\"inLanguage\":\"ro-RO\",\"@id\":\"https:\/\/adecor.eu\/production\/#\/schema\/logo\/image\/\",\"url\":\"https:\/\/adecor.eu\/production\/wp-content\/uploads\/sites\/2\/2023\/09\/A-Decor-Logo-02.png\",\"contentUrl\":\"https:\/\/adecor.eu\/production\/wp-content\/uploads\/sites\/2\/2023\/09\/A-Decor-Logo-02.png\",\"width\":1000,\"height\":563,\"caption\":\"Adecor Production\"},\"image\":{\"@id\":\"https:\/\/adecor.eu\/production\/#\/schema\/logo\/image\/\"}}]}<\/script>\n<!-- \/ Yoast SEO plugin. -->","yoast_head_json":{"title":"TRIA VELVET balsam de rufe fresh 3L - Adecor Production","robots":{"index":"index","follow":"follow","max-snippet":"max-snippet:-1","max-image-preview":"max-image-preview:large","max-video-preview":"max-video-preview:-1"},"canonical":"https:\/\/adecor.eu\/production\/produs\/tria-velvet-balsam-de-rufe-fresh-3l\/","og_locale":"ro_RO","og_type":"article","og_title":"TRIA VELVET balsam de rufe fresh 3L - Adecor Production","og_description":"Miros irezistibil \u2013 parfum sofisticat care persist\u0103 zile \u00eentregi Haine moi ca m\u0103tasea \u2013 pentru un confort absolut Protec\u021bie pentru \u021bes\u0103turi \u2013 prelunge\u0219te via\u021ba hainelor tale U\u0219or de c\u0103lcat \u2013 reduce \u0219ifonarea \u0219i face c\u0103lcatul o pl\u0103cere  Tria Velvet \u2013 prospe\u021bime greu de egalat, delicate\u021be des\u0103v\u00e2r\u0219it\u0103.","og_url":"https:\/\/adecor.eu\/production\/produs\/tria-velvet-balsam-de-rufe-fresh-3l\/","og_site_name":"Adecor Production","article_modified_time":"2025-11-09T05:36:37+00:00","og_image":[{"width":1024,"height":1024,"url":"https:\/\/adecor.eu\/production\/wp-content\/uploads\/sites\/2\/2025\/02\/DSC05587-Edit-1024x1024.png","type":"image\/png"}],"twitter_card":"summary_large_image","twitter_misc":{"Timp estimat pentru citire":"1 minut"},"schema":{"@context":"https:\/\/schema.org","@graph":[{"@type":"WebPage","@id":"https:\/\/adecor.eu\/production\/produs\/tria-velvet-balsam-de-rufe-fresh-3l\/","url":"https:\/\/adecor.eu\/production\/produs\/tria-velvet-balsam-de-rufe-fresh-3l\/","name":"TRIA VELVET balsam de rufe fresh 3L - Adecor Production","isPartOf":{"@id":"https:\/\/adecor.eu\/production\/#website"},"primaryImageOfPage":{"@id":"https:\/\/adecor.eu\/production\/produs\/tria-velvet-balsam-de-rufe-fresh-3l\/#primaryimage"},"image":{"@id":"https:\/\/adecor.eu\/production\/produs\/tria-velvet-balsam-de-rufe-fresh-3l\/#primaryimage"},"thumbnailUrl":"https:\/\/adecor.eu\/production\/wp-content\/uploads\/sites\/2\/2025\/02\/DSC05587-Edit.png","datePublished":"2025-02-07T04:33:43+00:00","dateModified":"2025-11-09T05:36:37+00:00","breadcrumb":{"@id":"https:\/\/adecor.eu\/production\/produs\/tria-velvet-balsam-de-rufe-fresh-3l\/#breadcrumb"},"inLanguage":"ro-RO","potentialAction":[{"@type":"ReadAction","target":["https:\/\/adecor.eu\/production\/produs\/tria-velvet-balsam-de-rufe-fresh-3l\/"]}]},{"@type":"ImageObject","inLanguage":"ro-RO","@id":"https:\/\/adecor.eu\/production\/produs\/tria-velvet-balsam-de-rufe-fresh-3l\/#primaryimage","url":"https:\/\/adecor.eu\/production\/wp-content\/uploads\/sites\/2\/2025\/02\/DSC05587-Edit.png","contentUrl":"https:\/\/adecor.eu\/production\/wp-content\/uploads\/sites\/2\/2025\/02\/DSC05587-Edit.png","width":4000,"height":4000},{"@type":"BreadcrumbList","@id":"https:\/\/adecor.eu\/production\/produs\/tria-velvet-balsam-de-rufe-fresh-3l\/#breadcrumb","itemListElement":[{"@type":"ListItem","position":1,"name":"Prima pagin\u0103","item":"https:\/\/adecor.eu\/production\/"},{"@type":"ListItem","position":2,"name":"Magazin","item":"https:\/\/adecor.eu\/production\/magazin\/"},{"@type":"ListItem","position":3,"name":"TRIA VELVET balsam de rufe fresh 3L"}]},{"@type":"WebSite","@id":"https:\/\/adecor.eu\/production\/#website","url":"https:\/\/adecor.eu\/production\/","name":"Adecor Production","description":"PRODUCATOR ROMAN DE MOPURI, MATURI, DETERGENTI","publisher":{"@id":"https:\/\/adecor.eu\/production\/#organization"},"potentialAction":[{"@type":"SearchAction","target":{"@type":"EntryPoint","urlTemplate":"https:\/\/adecor.eu\/production\/?s={search_term_string}"},"query-input":{"@type":"PropertyValueSpecification","valueRequired":true,"valueName":"search_term_string"}}],"inLanguage":"ro-RO"},{"@type":"Organization","@id":"https:\/\/adecor.eu\/production\/#organization","name":"Adecor Production","url":"https:\/\/adecor.eu\/production\/","logo":{"@type":"ImageObject","inLanguage":"ro-RO","@id":"https:\/\/adecor.eu\/production\/#\/schema\/logo\/image\/","url":"https:\/\/adecor.eu\/production\/wp-content\/uploads\/sites\/2\/2023\/09\/A-Decor-Logo-02.png","contentUrl":"https:\/\/adecor.eu\/production\/wp-content\/uploads\/sites\/2\/2023\/09\/A-Decor-Logo-02.png","width":1000,"height":563,"caption":"Adecor Production"},"image":{"@id":"https:\/\/adecor.eu\/production\/#\/schema\/logo\/image\/"}}]}},"jetpack_sharing_enabled":true,"_links":{"self":[{"href":"https:\/\/adecor.eu\/production\/wp-json\/wp\/v2\/product\/127","targetHints":{"allow":["GET"]}}],"collection":[{"href":"https:\/\/adecor.eu\/production\/wp-json\/wp\/v2\/product"}],"about":[{"href":"https:\/\/adecor.eu\/production\/wp-json\/wp\/v2\/types\/product"}],"wp:featuredmedia":[{"embeddable":true,"href":"https:\/\/adecor.eu\/production\/wp-json\/wp\/v2\/media\/128"}],"wp:attachment":[{"href":"https:\/\/adecor.eu\/production\/wp-json\/wp\/v2\/media?parent=127"}],"wp:term":[{"taxonomy":"product_brand","embeddable":true,"href":"https:\/\/adecor.eu\/production\/wp-json\/wp\/v2\/product_brand?post=127"},{"taxonomy":"product_cat","embeddable":true,"href":"https:\/\/adecor.eu\/production\/wp-json\/wp\/v2\/product_cat?post=127"},{"taxonomy":"product_tag","embeddable":true,"href":"https:\/\/adecor.eu\/production\/wp-json\/wp\/v2\/product_tag?post=127"}],"curies":[{"name":"wp","href":"https:\/\/api.w.org\/{rel}","templated":true}]}}

<p><strong>Miros irezistibil</strong> – parfum sofisticat care persistă zile întregi<br />
<strong>Haine moi ca mătasea</strong> – pentru un confort absolut<br />
<strong>Protecție pentru țesături</strong> – prelungește viața hainelor tale<br />
<strong>Ușor de călcat</strong> – reduce șifonarea și face călcatul o plăcere</p>
<p>Tria Velvet – <strong>prospețime greu de egalat, delicatețe desăvârșită.</strong></p>

<!-- This site is optimized with the Yoast SEO plugin v24.5 - https://yoast.com/wordpress/plugins/seo/ -->
<title>TRIA VELVET balsam de rufe fresh 3L - Adecor Production</title>
<meta name="robots" content="index, follow, max-snippet:-1, max-image-preview:large, max-video-preview:-1" />
<link rel="canonical" href="https://adecor.eu/production/produs/tria-velvet-balsam-de-rufe-fresh-3l/" />
<meta property="og:locale" content="ro_RO" />
<meta property="og:type" content="article" />
<meta property="og:title" content="TRIA VELVET balsam de rufe fresh 3L - Adecor Production" />
<meta property="og:description" content="Miros irezistibil – parfum sofisticat care persistă zile întregi Haine moi ca mătasea – pentru un confort absolut Protecție pentru țesături – prelungește viața hainelor tale Ușor de călcat – reduce șifonarea și face călcatul o plăcere  Tria Velvet – prospețime greu de egalat, delicatețe desăvârșită." />
<meta property="og:url" content="https://adecor.eu/production/produs/tria-velvet-balsam-de-rufe-fresh-3l/" />
<meta property="og:site_name" content="Adecor Production" />
<meta property="article:modified_time" content="2025-11-09T05:36:37+00:00" />
<meta property="og:image" content="https://adecor.eu/production/wp-content/uploads/sites/2/2025/02/DSC05587-Edit-1024x1024.png" />
	<meta property="og:image:width" content="1024" />
	<meta property="og:image:height" content="1024" />
	<meta property="og:image:type" content="image/png" />
<meta name="twitter:card" content="summary_large_image" />
<meta name="twitter:label1" content="Timp estimat pentru citire" />
	<meta name="twitter:data1" content="1 minut" />
<script type="application/ld+json" class="yoast-schema-graph">{"@context":"https://schema.org","@graph":[{"@type":"WebPage","@id":"https://adecor.eu/production/produs/tria-velvet-balsam-de-rufe-fresh-3l/","url":"https://adecor.eu/production/produs/tria-velvet-balsam-de-rufe-fresh-3l/","name":"TRIA VELVET balsam de rufe fresh 3L - Adecor Production","isPartOf":{"@id":"https://adecor.eu/production/#website"},"primaryImageOfPage":{"@id":"https://adecor.eu/production/produs/tria-velvet-balsam-de-rufe-fresh-3l/#primaryimage"},"image":{"@id":"https://adecor.eu/production/produs/tria-velvet-balsam-de-rufe-fresh-3l/#primaryimage"},"thumbnailUrl":"https://adecor.eu/production/wp-content/uploads/sites/2/2025/02/DSC05587-Edit.png","datePublished":"2025-02-07T04:33:43+00:00","dateModified":"2025-11-09T05:36:37+00:00","breadcrumb":{"@id":"https://adecor.eu/production/produs/tria-velvet-balsam-de-rufe-fresh-3l/#breadcrumb"},"inLanguage":"ro-RO","potentialAction":[{"@type":"ReadAction","target":["https://adecor.eu/production/produs/tria-velvet-balsam-de-rufe-fresh-3l/"]}]},{"@type":"ImageObject","inLanguage":"ro-RO","@id":"https://adecor.eu/production/produs/tria-velvet-balsam-de-rufe-fresh-3l/#primaryimage","url":"https://adecor.eu/production/wp-content/uploads/sites/2/2025/02/DSC05587-Edit.png","contentUrl":"https://adecor.eu/production/wp-content/uploads/sites/2/2025/02/DSC05587-Edit.png","width":4000,"height":4000},{"@type":"BreadcrumbList","@id":"https://adecor.eu/production/produs/tria-velvet-balsam-de-rufe-fresh-3l/#breadcrumb","itemListElement":[{"@type":"ListItem","position":1,"name":"Prima pagină","item":"https://adecor.eu/production/"},{"@type":"ListItem","position":2,"name":"Magazin","item":"https://adecor.eu/production/magazin/"},{"@type":"ListItem","position":3,"name":"TRIA VELVET balsam de rufe fresh 3L"}]},{"@type":"WebSite","@id":"https://adecor.eu/production/#website","url":"https://adecor.eu/production/","name":"Adecor Production","description":"PRODUCATOR ROMAN DE MOPURI, MATURI, DETERGENTI","publisher":{"@id":"https://adecor.eu/production/#organization"},"potentialAction":[{"@type":"SearchAction","target":{"@type":"EntryPoint","urlTemplate":"https://adecor.eu/production/?s={search_term_string}"},"query-input":{"@type":"PropertyValueSpecification","valueRequired":true,"valueName":"search_term_string"}}],"inLanguage":"ro-RO"},{"@type":"Organization","@id":"https://adecor.eu/production/#organization","name":"Adecor Production","url":"https://adecor.eu/production/","logo":{"@type":"ImageObject","inLanguage":"ro-RO","@id":"https://adecor.eu/production/#/schema/logo/image/","url":"https://adecor.eu/production/wp-content/uploads/sites/2/2023/09/A-Decor-Logo-02.png","contentUrl":"https://adecor.eu/production/wp-content/uploads/sites/2/2023/09/A-Decor-Logo-02.png","width":1000,"height":563,"caption":"Adecor Production"},"image":{"@id":"https://adecor.eu/production/#/schema/logo/image/"}}]}</script>
<!-- / Yoast SEO plugin. -->

Miros irezistibil – parfum sofisticat care persistă zile întregi Haine moi ca mătasea – pentru un confort absolut Protecție pentru țesături – prelungește viața hainelor tale Ușor de călcat – reduce șifonarea și face călcatul o plăcere  Tria Velvet – prospețime greu de egalat, delicatețe desăvârșită.

Prima pagină
