{"id":131,"date":"2025-02-09T05:28:53","date_gmt":"2025-02-09T05:28:53","guid":{"rendered":"https:\/\/adecor.eu\/production\/?post_type=product&#038;p=131"},"modified":"2025-11-09T04:12:22","modified_gmt":"2025-11-09T04:12:22","slug":"tria-spring-time-solutie-de-pardoseala-2l","status":"publish","type":"product","link":"https:\/\/adecor.eu\/production\/produs\/tria-spring-time-solutie-de-pardoseala-2l\/","title":{"rendered":"TRIA SPRING TIME solutie de pardoseala 2L"},"content":{"rendered":"<p><img fetchpriority=\"high\" decoding=\"async\" class=\"alignnone size-large wp-image-160\" src=\"https:\/\/adecor.eu\/production\/wp-content\/uploads\/sites\/2\/2025\/02\/Gemini_Generated_Image_4sywdw4sywdw4syw-747x1024.png\" alt=\"\" width=\"747\" height=\"1024\" srcset=\"https:\/\/adecor.eu\/production\/wp-content\/uploads\/sites\/2\/2025\/02\/Gemini_Generated_Image_4sywdw4sywdw4syw-747x1024.png 747w, https:\/\/adecor.eu\/production\/wp-content\/uploads\/sites\/2\/2025\/02\/Gemini_Generated_Image_4sywdw4sywdw4syw-219x300.png 219w, https:\/\/adecor.eu\/production\/wp-content\/uploads\/sites\/2\/2025\/02\/Gemini_Generated_Image_4sywdw4sywdw4syw-768x1052.png 768w, https:\/\/adecor.eu\/production\/wp-content\/uploads\/sites\/2\/2025\/02\/Gemini_Generated_Image_4sywdw4sywdw4syw-600x822.png 600w, https:\/\/adecor.eu\/production\/wp-content\/uploads\/sites\/2\/2025\/02\/Gemini_Generated_Image_4sywdw4sywdw4syw.png 864w\" sizes=\"(max-width: 747px) 100vw, 747px\" \/><\/p>\n","protected":false},"excerpt":{"rendered":"<p>Pardoseala ta merit\u0103 cea mai bun\u0103 \u00eengrijire! <strong>Tria Spring Time<\/strong> \u00eendep\u0103rteaz\u0103 murd\u0103ria rapid, oferind un luciu impecabil \u0219i un parfum proasp\u0103t care \u00ee\u021bi \u00eenv\u0103luie casa.<\/p>\n<p><strong>Cur\u0103\u021b\u0103 \u00een profunzime, f\u0103r\u0103 urme<\/strong><br \/>\n<strong>Arom\u0103 fresh de flori de prim\u0103var\u0103<\/strong><br \/>\n<strong>Siguran\u021b\u0103 pentru toat\u0103 familia<\/strong><br \/>\n<strong>Eficient pe orice tip de pardoseal\u0103<\/strong><\/p>\n","protected":false},"featured_media":160,"template":"","meta":[],"product_brand":[],"product_cat":[22],"product_tag":[24,58],"class_list":{"0":"post-131","1":"product","2":"type-product","3":"status-publish","4":"has-post-thumbnail","6":"product_cat-detergenti-profesionali","7":"product_tag-solutie-de-pardoseala","8":"product_tag-solutie-parfumata-de-pardoseala","10":"first","11":"instock","12":"shipping-taxable","13":"product-type-simple"},"yoast_head":"<!-- This site is optimized with the Yoast SEO plugin v24.5 - https:\/\/yoast.com\/wordpress\/plugins\/seo\/ -->\n<title>TRIA SPRING TIME solutie de pardoseala 2L - Adecor Production<\/title>\n<meta name=\"description\" content=\"Cur\u0103\u021b\u0103 \u00een profunzime, formula concentrata, f\u0103r\u0103 urme, arom\u0103 fresh de flori de prim\u0103var\u0103, siguran\u021b\u0103 pentru toat\u0103 familia, eficient pe orice tip de pardoseal\u0103\" \/>\n<meta name=\"robots\" content=\"index, follow, max-snippet:-1, max-image-preview:large, max-video-preview:-1\" \/>\n<link rel=\"canonical\" href=\"https:\/\/adecor.eu\/production\/produs\/tria-spring-time-solutie-de-pardoseala-2l\/\" \/>\n<meta property=\"og:locale\" content=\"ro_RO\" \/>\n<meta property=\"og:type\" content=\"article\" \/>\n<meta property=\"og:title\" content=\"TRIA SPRING TIME solutie de pardoseala 2L - Adecor Production\" \/>\n<meta property=\"og:description\" content=\"Cur\u0103\u021b\u0103 \u00een profunzime, formula concentrata, f\u0103r\u0103 urme, arom\u0103 fresh de flori de prim\u0103var\u0103, siguran\u021b\u0103 pentru toat\u0103 familia, eficient pe orice tip de pardoseal\u0103\" \/>\n<meta property=\"og:url\" content=\"https:\/\/adecor.eu\/production\/produs\/tria-spring-time-solutie-de-pardoseala-2l\/\" \/>\n<meta property=\"og:site_name\" content=\"Adecor Production\" \/>\n<meta property=\"article:modified_time\" content=\"2025-11-09T04:12:22+00:00\" \/>\n<meta property=\"og:image\" content=\"https:\/\/adecor.eu\/production\/wp-content\/uploads\/sites\/2\/2025\/02\/Gemini_Generated_Image_4sywdw4sywdw4syw.png\" \/>\n\t<meta property=\"og:image:width\" content=\"864\" \/>\n\t<meta property=\"og:image:height\" content=\"1184\" \/>\n\t<meta property=\"og:image:type\" content=\"image\/png\" \/>\n<meta name=\"twitter:card\" content=\"summary_large_image\" \/>\n<meta name=\"twitter:label1\" content=\"Timp estimat pentru citire\" \/>\n\t<meta name=\"twitter:data1\" content=\"1 minut\" \/>\n<script type=\"application\/ld+json\" class=\"yoast-schema-graph\">{\"@context\":\"https:\/\/schema.org\",\"@graph\":[{\"@type\":\"WebPage\",\"@id\":\"https:\/\/adecor.eu\/production\/produs\/tria-spring-time-solutie-de-pardoseala-2l\/\",\"url\":\"https:\/\/adecor.eu\/production\/produs\/tria-spring-time-solutie-de-pardoseala-2l\/\",\"name\":\"TRIA SPRING TIME solutie de pardoseala 2L - Adecor Production\",\"isPartOf\":{\"@id\":\"https:\/\/adecor.eu\/production\/#website\"},\"primaryImageOfPage\":{\"@id\":\"https:\/\/adecor.eu\/production\/produs\/tria-spring-time-solutie-de-pardoseala-2l\/#primaryimage\"},\"image\":{\"@id\":\"https:\/\/adecor.eu\/production\/produs\/tria-spring-time-solutie-de-pardoseala-2l\/#primaryimage\"},\"thumbnailUrl\":\"https:\/\/adecor.eu\/production\/wp-content\/uploads\/sites\/2\/2025\/02\/Gemini_Generated_Image_4sywdw4sywdw4syw.png\",\"datePublished\":\"2025-02-09T05:28:53+00:00\",\"dateModified\":\"2025-11-09T04:12:22+00:00\",\"description\":\"Cur\u0103\u021b\u0103 \u00een profunzime, formula concentrata, f\u0103r\u0103 urme, arom\u0103 fresh de flori de prim\u0103var\u0103, siguran\u021b\u0103 pentru toat\u0103 familia, eficient pe orice tip de pardoseal\u0103\",\"breadcrumb\":{\"@id\":\"https:\/\/adecor.eu\/production\/produs\/tria-spring-time-solutie-de-pardoseala-2l\/#breadcrumb\"},\"inLanguage\":\"ro-RO\",\"potentialAction\":[{\"@type\":\"ReadAction\",\"target\":[\"https:\/\/adecor.eu\/production\/produs\/tria-spring-time-solutie-de-pardoseala-2l\/\"]}]},{\"@type\":\"ImageObject\",\"inLanguage\":\"ro-RO\",\"@id\":\"https:\/\/adecor.eu\/production\/produs\/tria-spring-time-solutie-de-pardoseala-2l\/#primaryimage\",\"url\":\"https:\/\/adecor.eu\/production\/wp-content\/uploads\/sites\/2\/2025\/02\/Gemini_Generated_Image_4sywdw4sywdw4syw.png\",\"contentUrl\":\"https:\/\/adecor.eu\/production\/wp-content\/uploads\/sites\/2\/2025\/02\/Gemini_Generated_Image_4sywdw4sywdw4syw.png\",\"width\":864,\"height\":1184},{\"@type\":\"BreadcrumbList\",\"@id\":\"https:\/\/adecor.eu\/production\/produs\/tria-spring-time-solutie-de-pardoseala-2l\/#breadcrumb\",\"itemListElement\":[{\"@type\":\"ListItem\",\"position\":1,\"name\":\"Prima pagin\u0103\",\"item\":\"https:\/\/adecor.eu\/production\/\"},{\"@type\":\"ListItem\",\"position\":2,\"name\":\"Magazin\",\"item\":\"https:\/\/adecor.eu\/production\/magazin\/\"},{\"@type\":\"ListItem\",\"position\":3,\"name\":\"TRIA SPRING TIME solutie de pardoseala 2L\"}]},{\"@type\":\"WebSite\",\"@id\":\"https:\/\/adecor.eu\/production\/#website\",\"url\":\"https:\/\/adecor.eu\/production\/\",\"name\":\"Adecor Production\",\"description\":\"PRODUCATOR ROMAN DE MOPURI, MATURI, DETERGENTI\",\"publisher\":{\"@id\":\"https:\/\/adecor.eu\/production\/#organization\"},\"potentialAction\":[{\"@type\":\"SearchAction\",\"target\":{\"@type\":\"EntryPoint\",\"urlTemplate\":\"https:\/\/adecor.eu\/production\/?s={search_term_string}\"},\"query-input\":{\"@type\":\"PropertyValueSpecification\",\"valueRequired\":true,\"valueName\":\"search_term_string\"}}],\"inLanguage\":\"ro-RO\"},{\"@type\":\"Organization\",\"@id\":\"https:\/\/adecor.eu\/production\/#organization\",\"name\":\"Adecor Production\",\"url\":\"https:\/\/adecor.eu\/production\/\",\"logo\":{\"@type\":\"ImageObject\",\"inLanguage\":\"ro-RO\",\"@id\":\"https:\/\/adecor.eu\/production\/#\/schema\/logo\/image\/\",\"url\":\"https:\/\/adecor.eu\/production\/wp-content\/uploads\/sites\/2\/2023\/09\/A-Decor-Logo-02.png\",\"contentUrl\":\"https:\/\/adecor.eu\/production\/wp-content\/uploads\/sites\/2\/2023\/09\/A-Decor-Logo-02.png\",\"width\":1000,\"height\":563,\"caption\":\"Adecor Production\"},\"image\":{\"@id\":\"https:\/\/adecor.eu\/production\/#\/schema\/logo\/image\/\"}}]}<\/script>\n<!-- \/ Yoast SEO plugin. -->","yoast_head_json":{"title":"TRIA SPRING TIME solutie de pardoseala 2L - Adecor Production","description":"Cur\u0103\u021b\u0103 \u00een profunzime, formula concentrata, f\u0103r\u0103 urme, arom\u0103 fresh de flori de prim\u0103var\u0103, siguran\u021b\u0103 pentru toat\u0103 familia, eficient pe orice tip de pardoseal\u0103","robots":{"index":"index","follow":"follow","max-snippet":"max-snippet:-1","max-image-preview":"max-image-preview:large","max-video-preview":"max-video-preview:-1"},"canonical":"https:\/\/adecor.eu\/production\/produs\/tria-spring-time-solutie-de-pardoseala-2l\/","og_locale":"ro_RO","og_type":"article","og_title":"TRIA SPRING TIME solutie de pardoseala 2L - Adecor Production","og_description":"Cur\u0103\u021b\u0103 \u00een profunzime, formula concentrata, f\u0103r\u0103 urme, arom\u0103 fresh de flori de prim\u0103var\u0103, siguran\u021b\u0103 pentru toat\u0103 familia, eficient pe orice tip de pardoseal\u0103","og_url":"https:\/\/adecor.eu\/production\/produs\/tria-spring-time-solutie-de-pardoseala-2l\/","og_site_name":"Adecor Production","article_modified_time":"2025-11-09T04:12:22+00:00","og_image":[{"width":864,"height":1184,"url":"https:\/\/adecor.eu\/production\/wp-content\/uploads\/sites\/2\/2025\/02\/Gemini_Generated_Image_4sywdw4sywdw4syw.png","type":"image\/png"}],"twitter_card":"summary_large_image","twitter_misc":{"Timp estimat pentru citire":"1 minut"},"schema":{"@context":"https:\/\/schema.org","@graph":[{"@type":"WebPage","@id":"https:\/\/adecor.eu\/production\/produs\/tria-spring-time-solutie-de-pardoseala-2l\/","url":"https:\/\/adecor.eu\/production\/produs\/tria-spring-time-solutie-de-pardoseala-2l\/","name":"TRIA SPRING TIME solutie de pardoseala 2L - Adecor Production","isPartOf":{"@id":"https:\/\/adecor.eu\/production\/#website"},"primaryImageOfPage":{"@id":"https:\/\/adecor.eu\/production\/produs\/tria-spring-time-solutie-de-pardoseala-2l\/#primaryimage"},"image":{"@id":"https:\/\/adecor.eu\/production\/produs\/tria-spring-time-solutie-de-pardoseala-2l\/#primaryimage"},"thumbnailUrl":"https:\/\/adecor.eu\/production\/wp-content\/uploads\/sites\/2\/2025\/02\/Gemini_Generated_Image_4sywdw4sywdw4syw.png","datePublished":"2025-02-09T05:28:53+00:00","dateModified":"2025-11-09T04:12:22+00:00","description":"Cur\u0103\u021b\u0103 \u00een profunzime, formula concentrata, f\u0103r\u0103 urme, arom\u0103 fresh de flori de prim\u0103var\u0103, siguran\u021b\u0103 pentru toat\u0103 familia, eficient pe orice tip de pardoseal\u0103","breadcrumb":{"@id":"https:\/\/adecor.eu\/production\/produs\/tria-spring-time-solutie-de-pardoseala-2l\/#breadcrumb"},"inLanguage":"ro-RO","potentialAction":[{"@type":"ReadAction","target":["https:\/\/adecor.eu\/production\/produs\/tria-spring-time-solutie-de-pardoseala-2l\/"]}]},{"@type":"ImageObject","inLanguage":"ro-RO","@id":"https:\/\/adecor.eu\/production\/produs\/tria-spring-time-solutie-de-pardoseala-2l\/#primaryimage","url":"https:\/\/adecor.eu\/production\/wp-content\/uploads\/sites\/2\/2025\/02\/Gemini_Generated_Image_4sywdw4sywdw4syw.png","contentUrl":"https:\/\/adecor.eu\/production\/wp-content\/uploads\/sites\/2\/2025\/02\/Gemini_Generated_Image_4sywdw4sywdw4syw.png","width":864,"height":1184},{"@type":"BreadcrumbList","@id":"https:\/\/adecor.eu\/production\/produs\/tria-spring-time-solutie-de-pardoseala-2l\/#breadcrumb","itemListElement":[{"@type":"ListItem","position":1,"name":"Prima pagin\u0103","item":"https:\/\/adecor.eu\/production\/"},{"@type":"ListItem","position":2,"name":"Magazin","item":"https:\/\/adecor.eu\/production\/magazin\/"},{"@type":"ListItem","position":3,"name":"TRIA SPRING TIME solutie de pardoseala 2L"}]},{"@type":"WebSite","@id":"https:\/\/adecor.eu\/production\/#website","url":"https:\/\/adecor.eu\/production\/","name":"Adecor Production","description":"PRODUCATOR ROMAN DE MOPURI, MATURI, DETERGENTI","publisher":{"@id":"https:\/\/adecor.eu\/production\/#organization"},"potentialAction":[{"@type":"SearchAction","target":{"@type":"EntryPoint","urlTemplate":"https:\/\/adecor.eu\/production\/?s={search_term_string}"},"query-input":{"@type":"PropertyValueSpecification","valueRequired":true,"valueName":"search_term_string"}}],"inLanguage":"ro-RO"},{"@type":"Organization","@id":"https:\/\/adecor.eu\/production\/#organization","name":"Adecor Production","url":"https:\/\/adecor.eu\/production\/","logo":{"@type":"ImageObject","inLanguage":"ro-RO","@id":"https:\/\/adecor.eu\/production\/#\/schema\/logo\/image\/","url":"https:\/\/adecor.eu\/production\/wp-content\/uploads\/sites\/2\/2023\/09\/A-Decor-Logo-02.png","contentUrl":"https:\/\/adecor.eu\/production\/wp-content\/uploads\/sites\/2\/2023\/09\/A-Decor-Logo-02.png","width":1000,"height":563,"caption":"Adecor Production"},"image":{"@id":"https:\/\/adecor.eu\/production\/#\/schema\/logo\/image\/"}}]}},"jetpack_sharing_enabled":true,"_links":{"self":[{"href":"https:\/\/adecor.eu\/production\/wp-json\/wp\/v2\/product\/131","targetHints":{"allow":["GET"]}}],"collection":[{"href":"https:\/\/adecor.eu\/production\/wp-json\/wp\/v2\/product"}],"about":[{"href":"https:\/\/adecor.eu\/production\/wp-json\/wp\/v2\/types\/product"}],"wp:featuredmedia":[{"embeddable":true,"href":"https:\/\/adecor.eu\/production\/wp-json\/wp\/v2\/media\/160"}],"wp:attachment":[{"href":"https:\/\/adecor.eu\/production\/wp-json\/wp\/v2\/media?parent=131"}],"wp:term":[{"taxonomy":"product_brand","embeddable":true,"href":"https:\/\/adecor.eu\/production\/wp-json\/wp\/v2\/product_brand?post=131"},{"taxonomy":"product_cat","embeddable":true,"href":"https:\/\/adecor.eu\/production\/wp-json\/wp\/v2\/product_cat?post=131"},{"taxonomy":"product_tag","embeddable":true,"href":"https:\/\/adecor.eu\/production\/wp-json\/wp\/v2\/product_tag?post=131"}],"curies":[{"name":"wp","href":"https:\/\/api.w.org\/{rel}","templated":true}]}}